1)/w. Give a(j).
-4
Let x(c) = -164*c + 2. Let l(s) = -742*s + 8. Let o(f) = -2*l(f) + 9*x(f). Suppose 0 = 3*q + 2 + 7. Give o(q).
-22
Let w(y) = -y**3 + 4*y - 3. Suppose 11*z - 6*z = 25. Let a(l) = -l - 8 - z - 2. Let f be a(-17). Determine w(f).
-3
Suppose -98 = -27*n + 41*n. Let r(k) be the third derivative of k**6/120 + 2*k**5/15 + 3*k**4/8 - k**3/3 - 16*k**2 + 19. Give r(n).
-16
Let i(u) be the third derivative of -u**8/20160 - u**7/840 + u**6/72 - u**5/4 - 2*u**2 - 17. Let x(s) be the third derivative of i(s). What is x(-7)?
3
Let z(n) be the second derivative of -n**3/3 - n**2 - 11*n - 44. Let u = 76 + -77. Give z(u).
0
Suppose -22*l + 59 = 235. Let r(p) = -p**2 - 13*p - 43. What is r(l)?
-3
Let m(y) be the first derivative of y**6/120 - y**5/10 - y**4/6 - y**3/2 + 5*y**2 + 237. Let c(w) be the second derivative of m(w). What is c(6)?
-27
Let b(c) = 10*c + 0*c - 6 - 9*c + c. What is b(5)?
4
Suppose -49*j = 75*j + 200 - 1068. Let z(u) = u + 4. Give z(j).
11
Let f(i) = -2*i**3 - 12*i**2 - 8*i + 4. Let l(k) = -k**3 - 6*k**2 - 4*k + 2. Let a(z) = 2*f(z) - 5*l(z). Suppose 30*n - 179 = -329. Determine a(n).
3
Let h(l) = 7 + 5*l + l**2 - 3*l + 5*l. Suppose 4*t + 0*d - 5*d = 10, -4*t + 4*d + 8 = 0. Suppose y + 3*y + 24 = t. What is h(y)?
1
Let y(f) = -f + 0 - 4 + 0. Let w be (-35)/10 + 4 - 3/2. Let v be 4/10*w - (-2)/5. Determine y(v).
-4
Let w(p) = 209*p - 103*p + 130 - 114*p. What is w(16)?
2
Let v(y) = y + 5. Let f(h) = h**2 - 4*h + 7. Let d be f(2). Let g(c) = -c**3 + 5*c**2 - 6*c + 9. Let k be g(d). Let a(p) = -6*p + 50. Let q be a(k). Give v(q).
1
Let g(a) be the first derivative of -a**4/4 + 5*a**3/3 + 9*a**2/2 - 4*a + 1900. Calculate g(6).
14
Let d(y) = 7*y**2 + 4. Let n be d(0). Let f(h) = n*h + 18 - 3*h - 27 - h - 4*h. Determine f(-10).
31
Let u(y) be the third derivative of y**5/60 - y**4/6 + 14*y**3/3 + 2104*y**2 + 1. What is u(9)?
73
Let l(y) be the second derivative of -y**3/2 + 4*y**2 - y. Suppose -41*t = -24*t - 68. Determine l(t).
-4
Let f(y) = -y**2 - 4*y + 67. Let d be f(-10). Let i(p) = p - 2 - 2 + 2. Calculate i(d).
5
Let r(p) = 4*p**2 - 21*p + 28*p + 2 - 4 - 3*p - 1. Let g = 3 - 1. Give r(g).
21
Let r(f) be the second derivative of f**4/12 - f**3/3 - 4*f**2 - 851*f. Give r(3).
-5
Let v(f) = 16*f**3 - 13*f**2 + 11*f + 5. Let y(j) = 3*j**3 - j + 2. Let r(m) = v(m) - 5*y(m). Give r(12).
43
Let x(i) = i**3 + 5*i**2 + i + 7. Let t be x(-5). Let m(z) = t*z - z + 3*z. Give m(-4).
-16
Let f be (-165)/(-22)*((-5)/3 + 1). Let q be 2 - (11 + 25/f). Let n(j) = -2*j. Give n(q).
8
Let d(u) = -u**3 + 48*u**2 - 93*u + 43. Let c be d(46). Let a(o) = o**3 + o**2 - 1. Determine a(c).
-19
Suppose -6*o - 10 = 14. Let d(m) be the third derivative of m**4/24 - m**3/6 + 12*m**2 - 1. Determine d(o).
-5
Suppose -11 = -4*n + c + 2, 0 = -2*n - 2*c - 6. Suppose 3*q + i - 30 = -8, -q + 2*i = n. Let a(g) = -g**3 + 0 + 8*g**2 - 5 + g - 9*g. Calculate a(q).
19
Let q(g) = 0 - 26*g**2 + 4 - 27*g**2 - 32*g**2 - g + 84*g**2. What is q(3)?
-8
Let s(p) = 3*p**2 + 15*p + 16. Let m be s(-6). Suppose 2*o + m = 42. Let g(x) = -x + 3. Give g(o).
-1
Let w(z) = -z**2 + z - 7. Let v = 81 + -79. Let s be w(v). Let c(b) = 2*b - 8. Let m(n) = 5*n - 25. Let r(k) = 8*c(k) - 3*m(k). Give r(s).
2
Let o(b) = 58*b - 109. Let i(w) = 76*w - 109. Let u(m) = -3*i(m) + 4*o(m). Determine u(30).
11
Let c = 10886 + -10894. Let m(j) = -3*j - 19. Calculate m(c).
5
Let u(f) = -158*f + 1. Let g be u(-1). Suppose -g = -9*w + 6*w. Let d(q) = 5 + 54*q - 4 - w*q. What is d(-3)?
-2
Let x(s) = -30*s**3 - 18*s - 8*s - 37 + 14*s + 31*s**3 + 3*s**2. Give x(-3).
-1
Let y be ((-20)/5 - 130)*(3 + -1). Let j = y - -260. Let f(l) = -l**3 - 8*l**2 + l - 2. What is f(j)?
-10
Let h(w) = -4 + 8*w**2 + 9*w**2 - w - 18*w**2 + 13*w. Let s(v) = 2*v**2 - 23*v + 6. Let k(z) = 11*h(z) + 6*s(z). Determine k(8).
8
Let h(y) = -5*y**3 - 13*y**2 + 13*y + 9. Let b(t) = 14*t**3 + 38*t**2 - 38*t - 26. Let u(a) = -6*b(a) - 17*h(a). Determine u(5).
-12
Let m(o) be the first derivative of 21*o**5/20 - o**4/6 + o**2/2 - 281*o + 270. Let j(h) be the first derivative of m(h). Give j(1).
20
Let x(i) = 13*i + 4. Let t(p) = -37*p - 13. Suppose -5*r + 4*w - 16 = -r, -r = -2*w + 2. Let h(a) = r*t(a) - 17*x(a). Give h(-9).
1
Suppose -5*t + 9 + 0 = -4*z, 0 = 4*z - t - 11. Let s = 46 - 42. Let p(l) = -1 - 3 - l**3 - s*l + 5*l**2 + 0. What is p(z)?
-4
Let x = -470 - -471. Let w be x + 11/(-9) + (-141)/(-27). Let y(j) be the second derivative of -j**3/3 + 7*j**2/2 - 2*j. Give y(w).
-3
Let s(q) = -q**2 - 8*q - 24. Let i(o) = 9*o**2 + 70*o + 191. Let n(b) = 2*i(b) + 17*s(b). Determine n(4).
6
Let z(y) = -8*y - 39. Let c = -24198 + 24195. Determine z(c).
-15
Let v(a) = a**2 - 11*a + 1. Let c be v(10). Let t(k) = 7 + 12*k - 38*k**2 - 2*k + 17*k**2 + k**3 + 10*k**2 + 21*k**2. What is t(c)?
-2
Let h(m) = 5*m**3 + m**2 - m + 5. Let t(s) = 7*s**3 - 3*s + 6. Let q(a) = -4*h(a) + 3*t(a). Determine q(-2).
-16
Let k(q) = 3*q**2 - 65*q - 22. Let j(n) = -4*n**2 + 84*n + 29. Let v(c) = -10*j(c) - 13*k(c). What is v(-7)?
10
Let p(g) = g**2 + 20*g - 11. Let j be p(-21). Suppose -2 = j*c + 98. Let t = 11 + c. Let d(q) = 3*q**3 - q**2 - q + 1. Give d(t).
2
Suppose 8*u = -309 + 333. Let j(q) be the first derivative of 0*q + 1/2*q**2 + 2/3*q**u - 19. What is j(1)?
3
Let k = 430 - 420. Let n(m) = m**3 - 10*m**2 - m + 11. Determine n(k).
1
Let x be 6/24 + 3*1/4. Let c(q) = 46*q**3 - 2 + x - 2*q + q**2 - 47*q**3. Calculate c(2).
-9
Let n(s) = s + 10. Suppose -2*m + 2*i = -22, 4*m - 3*i + 2*i - 59 = 0. Let r be -1*((m - 5) + 0). Give n(r).
-1
Let c(l) = 25*l**3 - l**2 - l + 1. Suppose 7*u + u - 16 = 0. Let j(f) = 14 + 0*f**2 + 7*f - 5 - 5*f**u - f**3 - 2. Let z be j(-6). Give c(z).
24
Let k = 6 + 1. Let c(f) = f. Let i(w) be the third derivative of -w**4/12 - 3*w**3/2 + 4*w**2 - 13*w. Let o(v) = -c(v) - i(v). What is o(k)?
16
Let i(y) = y**3 + 4*y**2 + 2*y + 1. Let s(c) = c**2 - 3*c - 8. Let w(l) = 2*l - 2. Let m be w(3). Let f be s(m). Calculate i(f).
-7
Let m(n) = 5*n**2 - 2*n + 1. Suppose -2*p = b, 24*p - 22*p = b + 8. Suppose 2*j - 14 = -p*u, -7 = -4*j - 2*u + 11. Calculate m(j).
17
Suppose -501*q + 532*q - 310 = 0. Let o(f) = -18*f + 180. Give o(q).
0
Suppose -3*x - 2*x + 15 = 0. Let g be (70 + -68)/(-1 - 2/(-3)). Let z(u) = 8*u - 6. Let c(d) = -7*d + 5. Let m(n) = g*z(n) - 7*c(n). Give m(x).
4
Let d(t) be the third derivative of 7*t**5/60 + 5*t**4/12 + t**3/3 - 2*t**2 + 17*t. Let i(w) = 12*w**2 + 18*w + 3. Let x(p) = -7*d(p) + 4*i(p). Determine x(3).
-5
Let n(z) = -4 + 16 - 1 + 0 + z - 7. Let x(w) = 5*w + 3. Let c = -6 + 4. Let j be x(c). Give n(j).
-3
Let w be 8*6/(-24)*(9/6 - -1). Let p(c) = 32*c + 176. Calculate p(w).
16
Let q = -413 - -24781/60. Let k(g) be the third derivative of -7/24*g**4 + 7/6*g**3 + 15*g**2 + 0 + q*g**5 + 0*g. Give k(5).
-3
Let p(r) be the second derivative of r**3/3 - 7*r**2 - 934*r. Calculate p(13).
12
Suppose 0 = -2*j - 0*j + 32. Suppose -j*p + 14*p = 0. Let a(v) = -1 + 6*v**2 - 11*v + p*v**2 + 10*v. Calculate a(-1).
6
Let o(a) = -23*a**3 - 28*a**2 - 41*a + 62. Let m(s) = -5*s**3 - 7*s**2 - 10*s + 15. Let k(i) = 9*m(i) - 2*o(i). What is k(8)?
11
Let m(n) = -4 + 0*n**2 - n**2 - 10*n + 0. Suppose 0 = 91*d + 313 + 597. What is m(d)?
-4
Suppose 0 = -80*o + 79*o - 11. Let c be (1 - 4) + (1 - (o - -4)). Let m(u) = c + 3*u + u - 5*u. Give m(4).
1
Let d(i) = 310*i - 160*i + 4*i**2 - 159*i - 4. Calculate d(3).
5
Let n(v) = -v**2 + 7*v - 6. Let r(o) = 33*o + 9. Let k be r(4). Suppose 5*m + 0*m + k = 2*w, -4*m - 3*w - 122 = 0. Let x = m + 33. What is n(x)?
6
Let f(n) = -n**2 + 5*n + 4. Let y be 11/(110/(-24)) + -1 + (-7)/(-5). Calculate f(y).
-10
Let d(y) be the first derivative of -y**4/4 + 5*y**3/3 - y**2/2 + 6912. Let g be (-66)/(-14) + 4/14. Calculate d(g).
-5
Let t(p) be the second derivative of 7*p**3/6 + 12*p**2 - 1908*p. Determine t(-3).
3
Let a(h) be the second derivative of -h**8/6720 + h**7/630 - h**6/360 + h**5/20 - 31*h**4/2 + 186*h. Let l(u) be the third derivative of a(u). Give l(5).
-29
Let a be (3 + -2)/(3 + 16/(-5)). Let u be 3 + (1 + a - 0) - -1. Let w(q) = q**2 - 4*q**2 - q**2 - 8 - q + 3*q**2. Give w(u).
-8
Let r(s) be the first derivative of s**5/24 - s**4/6 - 37*s**3/3 - 74. Let q(p) be the third derivative of 